{"id":2492,"date":"2015-04-30T05:07:56","date_gmt":"2015-04-30T09:07:56","guid":{"rendered":"https:\/\/fujideclaration.org\/may-17-event-promote-2\/"},"modified":"2015-05-06T17:16:39","modified_gmt":"2015-05-06T21:16:39","slug":"may-17-event-promote","status":"publish","type":"page","link":"https:\/\/fujideclaration.org\/es\/may-17-event-promote\/","title":{"rendered":"May 17 Event Promote"},"content":{"rendered":"<h3>Ay\u00fadanos a celebrar la Inauguraci\u00f3n de la Declaraci\u00f3n de Fuji<\/h3>\n<h1>17 DE MAYO 2015<\/h1>\n<h2>\u00a1Promociona el evento!<\/h2>\n","protected":false},"excerpt":{"rendered":"<p>Ay\u00fadanos a celebrar la Inauguraci\u00f3n de la Declaraci\u00f3n de Fuji 17 DE MAYO 2015 \u00a1Promociona el evento!<\/p>\n","protected":false},"author":1,"featured_media":2420,"parent":0,"menu_order":0,"comment_status":"open","ping_status":"open","template":"page-templates\/template-may-event-promote.php","meta":{"_acf_changed":false,"_exactmetrics_skip_tracking":false,"_exactmetrics_sitenote_active":false,"_exactmetrics_sitenote_note":"","_exactmetrics_sitenote_category":0,"footnotes":""},"class_list":["post-2492","page","type-page","status-publish","has-post-thumbnail","hentry"],"acf":[],"_links":{"self":[{"href":"https:\/\/fujideclaration.org\/es\/wp-json\/wp\/v2\/pages\/2492","targetHints":{"allow":["GET"]}}],"collection":[{"href":"https:\/\/fujideclaration.org\/es\/wp-json\/wp\/v2\/pages"}],"about":[{"href":"https:\/\/fujideclaration.org\/es\/wp-json\/wp\/v2\/types\/page"}],"author":[{"embeddable":true,"href":"https:\/\/fujideclaration.org\/es\/wp-json\/wp\/v2\/users\/1"}],"replies":[{"embeddable":true,"href":"https:\/\/fujideclaration.org\/es\/wp-json\/wp\/v2\/comments?post=2492"}],"version-history":[{"count":12,"href":"https:\/\/fujideclaration.org\/es\/wp-json\/wp\/v2\/pages\/2492\/revisions"}],"predecessor-version":[{"id":2740,"href":"https:\/\/fujideclaration.org\/es\/wp-json\/wp\/v2\/pages\/2492\/revisions\/2740"}],"wp:featuredmedia":[{"embeddable":true,"href":"https:\/\/fujideclaration.org\/es\/wp-json\/wp\/v2\/media\/2420"}],"wp:attachment":[{"href":"https:\/\/fujideclaration.org\/es\/wp-json\/wp\/v2\/media?parent=2492"}],"curies":[{"name":"wp","href":"https:\/\/api.w.org\/{rel}","templated":true}]}}

<h3>Ayúdanos a celebrar la Inauguración de la Declaración de Fuji</h3>
<h1>17 DE MAYO 2015</h1>
<h2>¡Promociona el evento!</h2>

<p>Ayúdanos a celebrar la Inauguración de la Declaración de Fuji 17 DE MAYO 2015 ¡Promociona el evento!</p>
