{"id":2332,"date":"2015-04-22T08:25:50","date_gmt":"2015-04-22T12:25:50","guid":{"rendered":"https:\/\/fujideclaration.org\/event-registration-2\/"},"modified":"2015-05-06T17:15:46","modified_gmt":"2015-05-06T21:15:46","slug":"may-17-event-register","status":"publish","type":"page","link":"https:\/\/fujideclaration.org\/es\/may-17-event-register\/","title":{"rendered":"May 17 Inauguration Event Registration"},"content":{"rendered":"<h3>Celebre la inauguraci\u00f3n de<\/h3>\n<h1>La Declaraci\u00f3n de Fuji<\/h1>\n<h2>La Activaci\u00f3n de la Chispa Divina<\/h2>\n","protected":false},"excerpt":{"rendered":"<p>Celebre la inauguraci\u00f3n de La Declaraci\u00f3n de Fuji La Activaci\u00f3n de la Chispa Divina<\/p>\n","protected":false},"author":1,"featured_media":2420,"parent":0,"menu_order":0,"comment_status":"open","ping_status":"closed","template":"page-templates\/template-may-event.php","meta":{"_acf_changed":false,"_exactmetrics_skip_tracking":false,"_exactmetrics_sitenote_active":false,"_exactmetrics_sitenote_note":"","_exactmetrics_sitenote_category":0,"footnotes":""},"class_list":["post-2332","page","type-page","status-publish","has-post-thumbnail","hentry"],"acf":[],"_links":{"self":[{"href":"https:\/\/fujideclaration.org\/es\/wp-json\/wp\/v2\/pages\/2332","targetHints":{"allow":["GET"]}}],"collection":[{"href":"https:\/\/fujideclaration.org\/es\/wp-json\/wp\/v2\/pages"}],"about":[{"href":"https:\/\/fujideclaration.org\/es\/wp-json\/wp\/v2\/types\/page"}],"author":[{"embeddable":true,"href":"https:\/\/fujideclaration.org\/es\/wp-json\/wp\/v2\/users\/1"}],"replies":[{"embeddable":true,"href":"https:\/\/fujideclaration.org\/es\/wp-json\/wp\/v2\/comments?post=2332"}],"version-history":[{"count":18,"href":"https:\/\/fujideclaration.org\/es\/wp-json\/wp\/v2\/pages\/2332\/revisions"}],"predecessor-version":[{"id":2739,"href":"https:\/\/fujideclaration.org\/es\/wp-json\/wp\/v2\/pages\/2332\/revisions\/2739"}],"wp:featuredmedia":[{"embeddable":true,"href":"https:\/\/fujideclaration.org\/es\/wp-json\/wp\/v2\/media\/2420"}],"wp:attachment":[{"href":"https:\/\/fujideclaration.org\/es\/wp-json\/wp\/v2\/media?parent=2332"}],"curies":[{"name":"wp","href":"https:\/\/api.w.org\/{rel}","templated":true}]}}

<h3>Celebre la inauguración de</h3>
<h1>La Declaración de Fuji</h1>
<h2>La Activación de la Chispa Divina</h2>

<p>Celebre la inauguración de La Declaración de Fuji La Activación de la Chispa Divina</p>
